{"id":152,"date":"2021-05-03T13:52:28","date_gmt":"2021-05-03T11:52:28","guid":{"rendered":"http:\/\/masdepuyvert.com\/?page_id=152"},"modified":"2021-05-07T12:44:37","modified_gmt":"2021-05-07T10:44:37","slug":"le-chateau","status":"publish","type":"page","link":"https:\/\/masdepuyvert.com\/index.php\/le-chateau\/","title":{"rendered":"Le Ch\u00e2teau"},"content":{"rendered":"\n<p>Le Mas de Puyvert is located on the property of the Ch\u00e2teau Saint-Pierre de Mejans, a 12th century chateau and vineyard with over 11 hectares of land. The Mas has its own entrance and parking and although on the shared property, offers a private swimming pool and garden.  with a swimming pool and garden which offers complete privacy. <\/p>\n\n\n\n<div class=\"wp-block-image\"><figure class=\"aligncenter size-large\"><img loading=\"lazy\" width=\"1024\" height=\"507\" src=\"http:\/\/masdepuyvert.com\/wp-content\/uploads\/2021\/05\/Chateau-St-Pierre-Cover--1024x507.jpg\" alt=\"\" class=\"wp-image-153\" srcset=\"https:\/\/masdepuyvert.com\/wp-content\/uploads\/2021\/05\/Chateau-St-Pierre-Cover--1024x507.jpg 1024w, https:\/\/masdepuyvert.com\/wp-content\/uploads\/2021\/05\/Chateau-St-Pierre-Cover--300x149.jpg 300w, https:\/\/masdepuyvert.com\/wp-content\/uploads\/2021\/05\/Chateau-St-Pierre-Cover--768x380.jpg 768w, https:\/\/masdepuyvert.com\/wp-content\/uploads\/2021\/05\/Chateau-St-Pierre-Cover-.jpg 1125w\" sizes=\"(max-width: 1024px) 100vw, 1024px\" \/><\/figure><\/div>\n\n\n\n<p><\/p>\n\n\n\n<p>The History of the Ch\u00e2teau<\/p>\n\n\n\n<p>The Priory of Saint-Pierre de Mejans was first mentioned in 1118 when it figured in a list of properties owned by the Abbey of Saint And\u00e9 de Villeneuve-l\u00e8s-Avignon and confirmed by the Pope G\u00e9lase II.&nbsp;The Priory has been affiliated with wine-making since medieval times. In January 1343 the Archbishop of Aix stayed there for two nights and was horrified to discover that part of the church was used as a wine storage space. He immediately ordered the destruction of the wine storage partitions and ensured that the wine barrels were to be kept in a more appropriated place.&nbsp;<\/p>\n\n\n\n<p>After the revolution the Priory was seized by the State, sold and transformed into a silkworm breeding farm and later continued to operate as a vineyard.<\/p>\n\n\n\n<p>The ch\u00e2teau also offers lodging with five independent and spacious rooms. Special events can also be hosted such as weddings or parties.<br>The site includes private wine tastings, its own private swimming pool and other services including private catering, day visits, etc.<br>For more information or for reservations, you can contact us at stpierredemejans@orange.fr.<\/p>\n","protected":false},"excerpt":{"rendered":"<p>Le Mas de Puyvert is located on the property of the Ch\u00e2teau Saint-Pierre de Mejans, a 12th century chateau and vineyard with over 11 hectares of land. The Mas has its own entrance and parking and although on the shared property, offers a private swimming pool and garden. with a swimming pool and garden which [&hellip;]<\/p>\n","protected":false},"author":1,"featured_media":0,"parent":0,"menu_order":0,"comment_status":"closed","ping_status":"closed","template":"","meta":[],"_links":{"self":[{"href":"https:\/\/masdepuyvert.com\/index.php\/wp-json\/wp\/v2\/pages\/152"}],"collection":[{"href":"https:\/\/masdepuyvert.com\/index.php\/wp-json\/wp\/v2\/pages"}],"about":[{"href":"https:\/\/masdepuyvert.com\/index.php\/wp-json\/wp\/v2\/types\/page"}],"author":[{"embeddable":true,"href":"https:\/\/masdepuyvert.com\/index.php\/wp-json\/wp\/v2\/users\/1"}],"replies":[{"embeddable":true,"href":"https:\/\/masdepuyvert.com\/index.php\/wp-json\/wp\/v2\/comments?post=152"}],"version-history":[{"count":2,"href":"https:\/\/masdepuyvert.com\/index.php\/wp-json\/wp\/v2\/pages\/152\/revisions"}],"predecessor-version":[{"id":167,"href":"https:\/\/masdepuyvert.com\/index.php\/wp-json\/wp\/v2\/pages\/152\/revisions\/167"}],"wp:attachment":[{"href":"https:\/\/masdepuyvert.com\/index.php\/wp-json\/wp\/v2\/media?parent=152"}],"curies":[{"name":"wp","href":"https:\/\/api.w.org\/{rel}","templated":true}]}}